ed by 10/4*(11 - -11)/11.
2
Suppose g + 40 = 4*p, -125*g + 120*g - 20 = -2*p. What is the remainder when p is divided by 5?
0
Let b be (-110)/(-8) + (-9)/(-36). Let d = -11 + b. Suppose 2*y - 4*m - 113 = -3*m, -2*y + d*m + 123 = 0. What is the remainder when y is divided by 19?
16
Let x = 81 - 23. Let o be 4/8 + 27/(-6). What is the remainder when x is divided by 6/(o*2/(-16))?
10
Calculate the remainder when 228/(-342) - 1102/(-6) is divided by 17.
13
Suppose -1049*g = -1051*g + 678. Calculate the remainder when g is divided by 57.
54
What is the remainder when 24 is divided by ((-8)/6)/(7 - 1788/252)?
10
Let n(o) = o**2 - 3*o + 3. Let g be n(3). Suppose 3*d + u - 51 = 0, g*d + d - 68 = -3*u. Calculate the remainder when 64 is divided by d.
13
Let p(v) = -v**3 - v**2 + 10*v + 39. What is the remainder when 149 is divided by p(0)?
32
Suppose 65 = -5*y + 5*j, 3*y - y = 4*j - 22. Let u = 3 - y. Suppose 0 = -z + 4*g + 57, -g + 0*g = 1. What is the remainder when z is divided by u?
17
Suppose 0 = 8*t + 5*r - 211, -2*r - 49 = -2*t - 7*r. What is the remainder when 120 is divided by t?
12
Suppose -477*b - 632 = -485*b. Calculate the remainder when b is divided by 50.
29
Let o = 179 + -160. Calculate the remainder when o is divided by 2.
1
Suppose 5 = 4*u - 3. Suppose u - 5 = -3*g. What is the remainder when 95 is divided by ((-24)/7)/(g/(-7))?
23
Suppose -4*n + 946 = -350. Suppose 0 = 2*i - 8*i + n. Calculate the remainder when i is divided by 19.
16
Suppose 3531 + 2436 = 27*r. What is the remainder when r is divided by 80?
61
Let o(m) = 63*m**2 + 9*m - 7. Calculate the remainder when 448 is divided by o(1).
58
Let d(p) = -30*p**3 - p**2 - 2*p - 1. Let o = -6 + 5. Let b = 19 + -8. Calculate the remainder when d(o) is divided by b.
8
What is the remainder when 60 is divided by (-2 + -6)/((-25 - -13)/48)?
28
Let p(h) = h**2 + 11*h - 34. What is the remainder when p(4) is divided by 15?
11
Let i(v) = 11*v - 34. What is the remainder when 377 is divided by i(8)?
53
Let z(j) = -3*j - 23. Let c(l) = 5*l + 23. Let x(b) = -2*c(b) - 3*z(b). Calculate the remainder when 9 is divided by x(19).
1
Suppose -3*d + 126 = 2*h - 30, -2*h = -6. Let t(c) = -4*c - 9. Let w be t(-4). Let x = d - w. What is the remainder when x is divided by 11?
10
Suppose 1 = 4*t + 21, 163 = 4*c - 3*t. Suppose -5*x - 34 + 120 = -3*r, -4*r = x - 31. What is the remainder when c is divided by x?
18
Let r = -53 - -53. Suppose r = -z - 2, 2*b = b + 3*z + 330. What is the remainder when b is divided by 25?
24
Let y = 1528 - 1301. Calculate the remainder when y is divided by 104.
19
Let k = -30 - -30. Let d = k + 29. Calculate the remainder when d is divided by 15.
14
Let d be 10/(-5)*(-1 - 0). Suppose -4*u = -d*g + 48, g - 3*u - 3 = 16. Let v = g + 53. Calculate the remainder when v is divided by 18.
15
Suppose g - p - 2*p = 92, 4*g - 332 = 3*p. Calculate the remainder when g is divided by 46.
34
Suppose 0*t + 15 = 5*t. Suppose -t*a - 33 = -3*p, 4*p + a - 34 = 2*p. Suppose 5*y - 6*y + p = 0. Calculate the remainder when 44 is divided by y.
14
Let m(a) = -a**3 - 15*a**2 - 5*a + 2. What is the remainder when m(-15) is divided by ((-8)/6)/(3/(-36))?
13
Suppose -4*t + 11 = -4*y - 77, -2*t = -y - 40. Let b = 0 + t. What is the remainder when b is divided by (-2)/(-5) + 7 + 48/(-20)?
3
Suppose 89*i + 26*i - 7820 = 0. What is the remainder when 284 is divided by i?
12
Suppose 0 = -14*v - 8*v + 836. Calculate the remainder when 148 is divided by v.
34
Suppose 3*z + 3*x - 48 - 48 = 0, 4 = -2*x. Suppose -z - 166 = -5*c. Calculate the remainder when 159 is divided by c.
39
Let n = 21 - 49. Calculate the remainder when 17 is divided by 8/n + 6/(-21)*-22.
5
Calculate the remainder when (856/16 - -12)*(-2)/(-1) is divided by 28.
19
Suppose -3*h + 7*h - 11 = -n, -3*n - 5*h + 26 = 0. What is the remainder when (-5)/1 + (2 - 6) + 36 is divided by n?
6
Let b(l) be the second derivative of -9*l**2 + l + 17*l**2 + l**3 - 13*l**2. What is the remainder when 58 is divided by b(5)?
18
Let n = 23 - -4. Suppose -3*t + 5 = -a + 16, -2*a = t - 8. Suppose 3*p - b = -2*p + 32, 0 = a*p + 2*b - 41. What is the remainder when n is divided by p?
6
Let o(z) = 330*z - 66. Calculate the remainder when o(2) is divided by 17.
16
Let w(d) = d**3 - 10*d**2 + 9*d - 24. Let m be w(10). Suppose 4*v = 86 - m. Calculate the remainder when v is divided by 1.
0
Suppose 60 = -2*v + 7*v. Calculate the remainder when 597/17 + 12/(-102) is divided by v.
11
Let j(q) = 24*q - 1. Suppose -r - 3*a = -0*r - 18, -10 = -5*a. What is the remainder when j(2) is divided by r?
11
Suppose -4*c = 2*i - 1572, -135 - 657 = -i + 4*c. What is the remainder when i is divided by 36?
32
Suppose -224 = d - 5*d. Calculate the remainder when d is divided by (-124)/(-4) + (1 - 2).
26
Suppose 101*q - 38*q - 1008 = 0. What is the remainder when 510 is divided by q?
14
Suppose 2*d - c + 27 = 85, -87 = -3*d - 2*c. Calculate the remainder when 664 is divided by d.
26
Let u = 32 - 4. Calculate the remainder when u is divided by (4 - 0 - 3)/(9/90).
8
Suppose -3*v - o = 131 - 389, 430 = 5*v - o. Let h be (-24)/(-9)*87/2. Calculate the remainder when v is divided by (h/6)/((-1)/3 + 1).
28
Let b = -2 + 34. Let d(c) = 43*c - 3. Calculate the remainder when d(3) is divided by b.
30
Let k(y) = -4*y**2 + 5*y - y + y + 7*y**2 + 3. Let m be k(-6). Suppose 4*v + 13 = m. Calculate the remainder when 32 is divided by v.
15
Let m(o) = -o - 9. Let g be m(-14). Suppose -g*r = -10 - 10. Suppose -r*b + 32 = -4. What is the remainder when 34 is divided by b?
7
Suppose 1171 = 2*q + 3*w + 324, -2*q - 5*w = -845. Calculate the remainder when q is divided by 72.
65
Calculate the remainder when 128 is divided by (-3562)/(-182) + (54/(-21) - -2).
14
Suppose -3*o = 0, -2*n - 2*n + 4*o = 8. Let b(a) = -8*a**3 - a**2 - 4*a + 1. Calculate the remainder when b(n) is divided by 18.
15
Suppose 3 = 5*t + u - 32, 0 = -t - 3*u + 21. Let b be (2/t)/((-5)/(-870)). Let v = 159 - b. Calculate the remainder when v is divided by 26.
23
Calculate the remainder when 276 is divided by (-1 + -23)*60/(-36).
36
Suppose -205 = -24*w + 107. Calculate the remainder when 493 is divided by w.
12
Let i = 300 + -287. Let r = -13 + 30. Let m = 25 - r. What is the remainder when i is divided by m?
5
Calculate the remainder when 223 is divided by ((-156)/(-30) - 6)*(-44 + 4).
31
Suppose 7 - 3 = -2*a. Let b(v) = v**2. Suppose -2*o + 1 = -9. What is the remainder when o is divided by b(a)?
1
Let y(a) be the second derivative of -a**5/20 + 7*a**4/12 - 2*a**3/3 - 4*a**2 - 6*a. Let j = -6 + 12. Calculate the remainder when 9 is divided by y(j).
1
Let r be (-4)/(-1) + 0/1. Suppose r*w - 4*m = -m + 115, -w + 2*m = -30. Let k = w + -13. Calculate the remainder when 27 is divided by k.
12
Suppose 0 = -4*n + 9 + 307. Let c = -6 + -4. Let i(l) = -3*l - 10. Calculate the remainder when n is divided by i(c).
19
Suppose -3*u - 2547 = -3204. Calculate the remainder when u is divided by 74.
71
Suppose 0 = -2*k - 3*u - 124, 2*k + u - 2*u + 140 = 0. Let v be -4*(3 - k/8). Let x = -30 - v. What is the remainder when 30 is divided by x?
14
Let g(p) = -p**3 - 13*p**2 - 2*p + 1. Let y be g(-13). Let n = 31 - y. Calculate the remainder when 9 is divided by n.
1
Let j = 20 + 7. Suppose 3*i - 325 + 86 = -k, -2*i - 2*k + 158 = 0. Calculate the remainder when i is divided by j.
26
Let r(t) = -t + 20. Let u(f) = 4*f. Let l be u(1). Calculate the remainder when 77 is divided by r(l).
13
Let n(a) = -a**3 - 7*a**2 - 9*a - 4. Let d be n(-6). Let b = d - -3. What is the remainder when b is divided by 6?
5
Let d(q) = 18*q - 14. Let z(g) = -27*g + 21. Let f(b) = 8*d(b) + 5*z(b). Calculate the remainder when 47 is divided by f(2).
3
Let m = 161 - 107. Calculate the remainder when m is divided by ((-855)/(-360))/(2/16).
16
Suppose 5*y + 2*i = 23, -2*y + 6*i + 15 = i. Suppose -7*a + y*a = -32. What is the remainder when 45 is divided by a?
13
Suppose 4*p = -4*r + 124, 2*p - 76 = 21*r - 16*r. Calculate the remainder when p is divided by 18.
15
Let i(f) = -f**3 - 33*f**2 - 65*f - 81. What is the remainder when 15 is divided by i(-31)?
3
Suppose 0 = -5*o + 4*p + 49, -20*o + 16*o = -5*p - 32. Calculate the remainder when 34 is divided by o.
8
Let l = 5 + 123. Calc